In base 8, what is -1731101 + 3?
-1731076
In base 15, what is -4 - -dd6?
dd2
In base 12, what is -210 + -11?
-221
In base 3, what is 1 + 22200222?
22201000
In base 13, what is c866 - 1?
c865
In base 7, what is -12 - -1101?
1056
In base 15, what is -2 - 9676c?
-9676e
In base 7, what is 0 + 6265?
6265
In base 10, what is 514259 - 5?
514254
In base 3, what is -10 + -10120211002?
-10120211012
In base 16, what is -5942a + -4?
-5942e
In base 8, what is 13 - 4504?
-4471
In base 5, what is 22103 - 34?
22014
In base 4, what is 3 - 32203131?
-32203122
In base 5, what is 2 + -1123433?
-1123431
In base 8, what is 211 + -12735?
-12524
In base 8, what is 6 - 341761?
-341753
In base 5, what is 123 + -1322?
-1144
In base 7, what is -1304 - -2022?
415
In base 7, what is -4 + 61002?
60665
In base 11, what is 1 + 39921?
39922
In base 11, what is 12 - -7816?
7828
In base 16, what is -1ac3c - -16?
-1ac26
In base 4, what is -10111211211 + -11?
-10111211222
In base 2, what is -1000 + 100001?
11001
In base 5, what is -13140 - -31?
-13104
In base 13, what is 5394 - -1a?
53b1
In base 13, what is -6 - 12065?
-1206b
In base 7, what is 0 + 23623?
23623
In base 10, what is -16647 + -3?
-16650
In base 5, what is 330404301 - -10?
330404311
In base 5, what is -1 + -2323234?
-2323240
In base 9, what is 1461 - -183?
1654
In base 16, what is -5 - 275b4?
-275b9
In base 16, what is 12 + -5c24?
-5c12
In base 5, what is -33221413 - -1?
-33221412
In base 7, what is -1 - -1122406?
1122405
In base 10, what is 239972 + 4?
239976
In base 10, what is -25568 - -5?
-25563
In base 13, what is -a8 + b3c?
a64
In base 3, what is -2022211 + -102?
-2100020
In base 5, what is 121111 + 21?
121132
In base 14, what is 7d8a9 + -14?
7d895
In base 6, what is -1 + 141021?
141020
In base 8, what is -264 - -422?
136
In base 15, what is 2 + -b12?
-b10
In base 15, what is -18aa + 14?
-1896
In base 5, what is -142 - -241311?
241114
In base 14, what is 4d07 - -13?
4d1a
In base 15, what is 3 + -c185?
-c182
In base 7, what is -161 + 240?
46
In base 16, what is -1e11f - 4?
-1e123
In base 11, what is 102731 + 3?
102734
In base 4, what is 10 - 1131113010?
-1131113000
In base 10, what is 1353 - 19?
1334
In base 12, what is 226 - 196?
50
In base 8, what is 22 - -6244?
6266
In base 16, what is -1723 + -5?
-1728
In base 13, what is -172942 - 4?
-172946
In base 15, what is -8 + -6929?
-6932
In base 8, what is -4 - -472?
466
In base 11, what is -1 - 25604?
-25605
In base 14, what is -10 + a88?
a78
In base 4, what is -21102 - 303121?
-330223
In base 12, what is -4 - -2699?
2695
In base 8, what is 161 + -45003?
-44622
In base 6, what is 3050315 + 5?
3050324
In base 8, what is 6322 + 314?
6636
In base 13, what is 739 - -c?
748
In base 16, what is -2a + -8458?
-8482
In base 13, what is -14b - -86?
-95
In base 11, what is -105070 - -4?
-105067
In base 7, what is -526036 - -10?
-526026
In base 14, what is 5 + -1100?
-10d9
In base 3, what is -1011220 - 101?
-1012021
In base 3, what is 2010112 + 212010?
2222122
In base 8, what is 51 + -5407?
-5336
In base 5, what is -100024 + 21?
-100003
In base 7, what is 11 + 120206?
120220
In base 16, what is 47 - -109?
150
In base 15, what is 2d + 19cd?
1a0b
In base 3, what is -202001012101 - -11?
-202001012020
In base 6, what is -2215 + 101?
-2114
In base 12, what is 46 + 437?
481
In base 14, what is -1 - 7bda?
-7bdb
In base 9, what is -3 - 158361?
-158364
In base 4, what is 0 - -133031?
133031
In base 14, what is 7 + 86865?
8686c
In base 5, what is -3 - -11213420?
11213412
In base 15, what is -19 - -8195?
817b
In base 6, what is 51042301 + -3?
51042254
In base 12, what is 2 - -3a425?
3a427
In base 6, what is 24543 + 213?
25200
In base 10, what is 2 + -289595?
-289593
In base 3, what is 2022222221 - -12?
2100000010
In base 16, what is 25f - -6e8?
947
In base 11, what is 18a - 106?
84
In base 11, what is -74 + -22a94?
-23058
In base 13, what is -14968 + 6b?
-148ca
In base 11, what is -76a + 57?
-713
In base 7, what is -36350 - 4?
-36354
In base 16, what is 67 - 2e4?
-27d
In base 4, what is -3 + 1000231?
1000222
In base 4, what is 222233031 - -10?
222233101
In base 8, what is -26 - -171253?
171225
In base 11, what is 402 + 756?
1058
In base 2, what is 100110 - -10011001001010?
10011001110000
In base 9, what is -408 + 25640?
25231
In base 14, what is -22a - -27?
-203
In base 16, what is -7 + -53c?
-543
In base 2, what is -1010010010110010 + 0?
-1010010010110010
In base 6, what is 4435 + -12?
4423
In base 14, what is 5 + 5437?
543c
In base 14, what is 18b3d - -4?
18b43
In base 7, what is 10551 + -116?
10432
In base 4, what is -31120111 + -112?
-31120223
In base 7, what is -2 + -1033225?
-1033230
In base 11, what is -586 + -11?
-597
In base 12, what is 0 + 6a6?
6a6
In base 11, what is 71553 + -2?
71551
In base 6, what is 25415 - -20?
25435
In base 14, what is -6 + -20579?
-20581
In base 5, what is -32213 + 120?
-32043
In base 7, what is 35 + 4023?
4061
In base 5, what is 31 - 1302034?
-1302003
In base 6, what is 253 + 110340?
111033
In base 3, what is -11 + 211122020?
211122002
In base 6, what is 4515 - 1105?
3410
In base 13, what is 291 - 15?
279
In base 12, what is ab - -101?
1b0
In base 2, what is -1000010 + 100001011?
11001001
In base 14, what is 2c + -2280b?
-227bd
In base 9, what is 2386416 - -1?
2386417
In base 9, what is 121 - 10738?
-10617
In base 11, what is -386831 + 2?
-38682a
In base 6, what is -142401 - -5?
-142352
In base 7, what is 2334100 + -1?
2334066
In base 12, what is 48801 + -2?
487bb
In base 11, what is 478 - 423?
55
In base 9, what is -1 - 27282?
-27283
In base 9, what is 4 - -1677254?
1677258
In base 11, what is -69 + 3291?
3223
In base 9, what is -573388 + 1?
-573387
In base 5, what is 3 - -34220032?
34220040
In base 14, what is -8a5d5 - 0?
-8a5d5
In base 10, what is -111 - 133?
-244
In base 6, what is -1030 - -1553?
523
In base 15, what is a2e09 - 6?
a2e03
In base 16, what is -2b198 - -3?
-2b195
In base 4, what is 10 - -303222331?
303223001
In base 13, what is 1 + 107?
108
In base 16, what is 517 + -27?
4f0
In base 9, what is 28212 + -5?
28206
In base 8, what is -264140 + -7?
-264147
In base 7, what is 3603 - 3?
3600
In base 10, what is -338 + 687?
349
In base 5, what is 204 + -11111?
-10402
In base 4, what is 23123 + 123?
23312
In base 10, what is 2 + 943325?
943327
In base 7, what is 4 - 1005043?
-1005036
In base 11, what is -17 - 86?
-a2
In base 8, what is -5 + 275?
270
In base 16, what is -be - -c3e?
b80
In base 5, what is -134404 + -20?
-134424
In base 15, what is 955d - 5?
9558
In base 2, what is 11010010100011110 - -10?
11010010100100000
In base 11, what is -6192 - -3?
-618a
In base 7, what is 2 - 3126063?
-3126061
In base 13, what is 0 + 3449?
3449
In base 11, what is -18605 + 3?
-18602
In base 14, what is 74 + 358?
3cc
In base 5, what is 2212204014 - -1?
2212204020
In base 6, what is 10130 + -103?
10023
In base 10, what is -5 + -11534?
-11539
In base 7, what is -21 + 151331?
151310
In base 8, what is 136 - -71651?
72007
In base 3, what is 10 + -120220022?
-120220012
In base 7, what is 236 + -30244?
-30005
In base 14, what is -357 - 1d0?
-547
In base 11, what is -7722 - -8?
-7715
In base 16, what is -5 + -14af6?
-14afb
In base 11, what is -5a705 - 3?
-5a708
In base 8, what is 5 + 157417?
157424
In base 8, what is 572 - -53?
645
In base 6, what is 155401 + 4?
155405
In base 4, what is -32322110 + 11?
-32322033
In base 15, what is -3 + -207ae0?
-207ae3
In base 4, what is 113 + -33312032?
-33311313
In base 14, what is -3 + -3a0?
-3a3
In base 13, what is 2 - -c4a?
c4c
In base 2, what is -10001111011110 + -1?
-10001111011111
In base 5, what is -2432 + -2124?
-10111
In base 4, what is 103300 + 200?
110100
In base 14, what is b1 + 76?
147
In base 2, what is 1100 + -100011010?
-100001110
In base 14, what is 17cb2 - -1?
17cb3
In base 3, what is 1021010210102 + -10?
1021010210022
In base 3, what is -110 - 20220011?
-20220121
In base 13, what is 5 - -66c2?
66c7
In base 12, what is 4b5 + -19?
498
In base 11, what is -5122 - -73?
-505a
In base 16, what is -1f89 + 1?
-1f88
In base 12, what is -1977aa1 + 2?
-1977a9b
In base 11, what is 457 - -93?
53a
In base 2, what is -100 - -1000100110?
1000100010
In base 3, what is -10001100 - -10100?
-2221000
In base 14, what is 5 - 